n base 16, what is c7ac - -17a?
c926
In base 13, what is -4cc2 + -1787?
-6779
In base 7, what is -1321 - -12440366?
12436045
In base 6, what is 45 - -12533050?
12533135
In base 14, what is -527 + -ac4?
-120b
In base 8, what is 16634 + -37402?
-20546
In base 6, what is 2 - -323410543?
323410545
In base 10, what is -6 + -122157561?
-122157567
In base 11, what is -1397077 + -9?
-1397085
In base 9, what is -3557173874 + 2?
-3557173872
In base 13, what is 18215 - aa?
18138
In base 15, what is 27 + -37922?
-378ea
In base 8, what is -64 + -10155115?
-10155201
In base 9, what is 51736 + -220?
51516
In base 13, what is -b95bc9 + 53?
-b95b76
In base 7, what is -2036 - 3302550?
-3304616
In base 5, what is 1 + -233020010?
-233020004
In base 8, what is 145612 + -2067?
143523
In base 14, what is -11377 - -10c2?
-10295
In base 7, what is -321 - 420352?
-421003
In base 6, what is -1510143 + 211?
-1505532
In base 16, what is -1f3194 - 6?
-1f319a
In base 15, what is -5c41 + -26e?
-5eb0
In base 10, what is 3783202 - -19?
3783221
In base 6, what is -1501 - -50053?
44152
In base 7, what is 2044 - 46?
1665
In base 12, what is 995577 + 1?
995578
In base 10, what is -157 + -4803346?
-4803503
In base 3, what is -102022112 - -100001?
-101222111
In base 9, what is -2300626 + 25?
-2300601
In base 14, what is -18bd73 - -692?
-18b6c1
In base 8, what is 26 + 2454122?
2454150
In base 15, what is -3 + 1bec82?
1bec7e
In base 10, what is -3291 + 606?
-2685
In base 8, what is -15470 - 152066?
-167556
In base 10, what is -26791613 - 8?
-26791621
In base 7, what is -400464 - -350?
-400114
In base 13, what is 548c004 + -2?
548c002
In base 9, what is 348172 - 27?
348144
In base 2, what is 1100100 - 11100110010011000010?
-11100110010001011110
In base 8, what is 342171 + -757?
341212
In base 8, what is -15321101 + 11?
-15321070
In base 3, what is 1002120101 + -20221?
1002022110
In base 13, what is 4 - 150c88?
-150c84
In base 12, what is 27913b - -9?
279148
In base 5, what is 33042 - 1011042?
-423000
In base 4, what is -33030 + -132000133?
-132033223
In base 15, what is -6e851 - -8?
-6e848
In base 4, what is 0 + -20030322221202?
-20030322221202
In base 15, what is -35d98a - c?
-35d997
In base 10, what is -167963 - 2132?
-170095
In base 7, what is -22326314533 - -3?
-22326314530
In base 15, what is 12 + -ec082?
-ec070
In base 7, what is 10303521 + -10?
10303511
In base 10, what is -2752738 + 108?
-2752630
In base 2, what is -11001100 + -11111101111110?
-100000001001010
In base 4, what is -1303020301 - 1120?
-1303022021
In base 11, what is -41800 + -743?
-42443
In base 14, what is 4 + 105d873?
105d877
In base 3, what is 22020000210 + -110000?
22012120210
In base 5, what is -1002304114 + -2?
-1002304121
In base 11, what is 0 + 3274a89?
3274a89
In base 12, what is -594139a + -13?
-59413b1
In base 3, what is -2 + 1012100220011120?
1012100220011111
In base 15, what is a27 - -1ac?
bd4
In base 14, what is -1 - -1a3a93?
1a3a92
In base 8, what is 205 + -24373?
-24166
In base 5, what is 22014 - 3432341?
-3410322
In base 5, what is -1 - -121021401?
121021400
In base 7, what is 1144663 + 111?
1145104
In base 10, what is -60770153 + -4?
-60770157
In base 14, what is dd892 - 584?
dd30c
In base 9, what is -2260 + 16658?
14388
In base 11, what is 2aa7 + -9151a?
-89523
In base 11, what is -37 + 938946?
93890a
In base 8, what is 126 - 462424?
-462276
In base 11, what is -670 - 4285?
-4945
In base 3, what is 1100100220100011 + 201?
1100100220100212
In base 14, what is b6830 - 1b2?
b665c
In base 13, what is 375384 + -4?
375380
In base 9, what is 132732 + -152?
132570
In base 11, what is -309474 - -14?
-309460
In base 2, what is -1111 - 1100111001001011001?
-1100111001001101000
In base 6, what is -21 + -104432301?
-104432322
In base 2, what is -111011000101011 + -111101100100011?
-1111000101001110
In base 3, what is -121202211202000200 + 11?
-121202211202000112
In base 15, what is 22b + -24c39?
-24a0d
In base 7, what is -431026 - 166?
-431225
In base 13, what is 128 - 5cb93?
-5ca68
In base 2, what is 11110011011101000000111011 + 1?
11110011011101000000111100
In base 13, what is 3 - -2197663?
2197666
In base 4, what is 12310002 + -32203?
12211133
In base 2, what is -11000 - 10010111011010111100111?
-10010111011010111111111
In base 11, what is 11a87 + -2a35?
a052
In base 6, what is -1522341420 - -2?
-1522341414
In base 15, what is -e44 - 939e?
-a2e3
In base 7, what is -421262520 - -1?
-421262516
In base 4, what is -21023121000201 - -11?
-21023121000130
In base 16, what is 221093 - 8?
22108b
In base 14, what is 1 - -3b2d94?
3b2d95
In base 13, what is 142472072 + -4?
14247206b
In base 16, what is 4baf - -203?
4db2
In base 12, what is 6a91333 - -13?
6a91346
In base 11, what is 10165 - -8549?
18703
In base 11, what is 71437985 - 5?
71437980
In base 15, what is 5 + 2eca53?
2eca58
In base 9, what is 4310875 - -18?
4311004
In base 14, what is -39b - 57194?
-57551
In base 7, what is 1 + 125435566?
125435600
In base 4, what is -200 + -12012313?
-12013113
In base 12, what is -58a565 - 10?
-58a575
In base 15, what is -104932a + 2?
-1049328
In base 14, what is b76882b - -1?
b76882c
In base 3, what is 2220211222 - -112112?
2221101111
In base 6, what is -30 - 240042225?
-240042255
In base 13, what is -3 - 30267070?
-30267073
In base 3, what is -101222212020 - 12010?
-102000001100
In base 12, what is 34ab684 + -1?
34ab683
In base 9, what is 2841000 + -74?
2840815
In base 9, what is 26 + 32153747?
32153774
In base 15, what is -1ac0b - -52?
-1aba9
In base 10, what is -89617815 + 7?
-89617808
In base 13, what is -4454 - -12b?
-4326
In base 8, what is 14564346 + 4?
14564352
In base 3, what is -21222 - -1112221102?
1112122110
In base 5, what is 122 - -42231041?
42231213
In base 8, what is 345320431 + 4?
345320435
In base 9, what is 20 - -13626231?
13626251
In base 15, what is -12ad3 + 241?
-12892
In base 2, what is 101011100100010011 + 1011000000?
101011101111010011
In base 2, what is 10 + 101101111001100001111011?
101101111001100001111101
In base 4, what is 1032211212333 + -13?
1032211212320
In base 15, what is 19 - 3be4?
-3bca
In base 13, what is -35b - -220b97?
220839
In base 15, what is 10de96 - -2?
10de98
In base 8, what is 1741 - 15256?
-13315
In base 2, what is -11 - 111111110000110011000010?
-111111110000110011000101
In base 2, what is -101001010100001110011 + 1010?
-101001010100001101001
In base 5, what is 102132003204 - -3?
102132003212
In base 6, what is 33342023245 - -5?
33342023254
In base 3, what is 102101 + 1110102022012?
1110102201120
In base 6, what is -15 + 314305444?
314305425
In base 8, what is 2071 - 333370?
-331277
In base 7, what is 3130216145 - -5?
3130216153
In base 7, what is 0 - 403264442?
-403264442
In base 9, what is 1306532 - 185?
1306336
In base 4, what is -1000101012 + 231?
-1000100121
In base 7, what is -6122 - 5412?
-14534
In base 14, what is -86bac + 74?
-86b38
In base 8, what is 112 + -4131763?
-4131651
In base 2, what is -101100 - 1001111110111100?
-1001111111101000
In base 7, what is 1613 + 2340556?
2342502
In base 15, what is d4 - -e2b0?
e394
In base 8, what is 575371 - 54?
575315
In base 13, what is 2243568 - -5?
2243570
In base 3, what is -11212021220 - 21002?
-11212112222
In base 9, what is -16137 + 48657?
32520
In base 12, what is -93b3 + a9?
-9306
In base 3, what is 20 + 21002012010211?
21002012011001
In base 5, what is 412 + -1211223?
-1210311
In base 8, what is 103504412 + -5?
103504405
In base 12, what is -77478a8 + 1?
-77478a7
In base 2, what is -100 + -10001111011100100000001?
-10001111011100100000101
In base 6, what is -110450 + -521?
-111411
In base 4, what is 103011 - 32001011?
-31232000
In base 6, what is 1 + -1402422144?
-1402422143
In base 10, what is 92235 - 293?
91942
In base 6, what is -4 + 43202253?
43202245
In base 16, what is -fb89 - -879?
-f310
In base 6, what is -45 - -5425002?
5424513
In base 16, what is 9e056c + -1f?
9e054d
In base 11, what is 76540880 + -2?
76540879
In base 13, what is 13a3198 - -aa?
13a3275
In base 5, what is 11220 - 13430232?
-13414012
In base 9, what is 36767853 + -33?
36767820
In base 15, what is -3d - 5ee9d3?
-5eea21
In base 13, what is -6 + a2a44b7?
a2a44b1
In base 15, what is 1 + 16b912eb?
16b912ec
In base 11, what is 483 - -141455?
14